at is the remainder when f(-5) is divided by 24?
6
Let p(v) = v**2 + 10*v + 12. Calculate the remainder when 106 is divided by p(-12).
34
Suppose 0 = z + 2, 9*c = 11*c + z - 3244. Calculate the remainder when c is divided by 58.
57
Let q(k) = 8*k + 2. Let y be q(1). Suppose y = 5*c - 70. What is the remainder when c is divided by 3?
1
Let z(v) = -v**3 + 11*v**2 - 4*v + 1. Calculate the remainder when z(7) is divided by 17.
16
Suppose 15*l = 13*l + 230. Calculate the remainder when l is divided by 41.
33
Let f(i) = -7*i - 5. Let h be f(-2). Suppose -2*s = 3*j + 2*s - 35, -5*j = -2*s - 15. Suppose -j*d = -34 + h. What is the remainder when d is divided by 4?
1
Let p(t) = t**2 + t + 3. Let c(v) = 3*v**2 - 4*v - 14. What is the remainder when c(5) is divided by p(-4)?
11
Let c(j) = -28*j. What is the remainder when 0*(-1)/(-4) + 138 is divided by c(-1)?
26
Let d = -3 + 3. Suppose -5*y + 3*s - 2 = d, -y - 18 = -5*s - 0*s. Suppose 50 = -y*z + 4*z. What is the remainder when 48 is divided by z?
23
Suppose 22 = f - n + 8, -3*f = 2*n - 52. Calculate the remainder when 39 is divided by f.
7
Let z(x) = x**2 - x + 5. Let i(q) = -q - 3*q - q + 6*q + q**3. Let v be i(0). Calculate the remainder when 18 is divided by z(v).
3
Suppose -5*b - 4*v + 55 = -0, -40 = -3*b - v. Suppose -4*d = d - b. What is the remainder when d/6 + 13/2 is divided by 2?
1
Let o(p) = p**2 + 3*p. Suppose -q + 0 = -4*c + 5, 4*q = 4*c + 28. Let v = 5 - q. Calculate the remainder when o(v) is divided by 10.
8
Calculate the remainder when (-6)/18 + 106/3 is divided by 12.
11
Let j = -39 + -24. Let c = -44 - j. What is the remainder when 37 is divided by c?
18
Let s = -840 + 1065. Calculate the remainder when s is divided by 19.
16
Let s(y) = -846*y**3 - y**2 + 2*y + 2. What is the remainder when s(-1) is divided by 47?
46
Let n = -18 - -36. Suppose 616*h - 25 - 28 = 615*h. Calculate the remainder when h is divided by n.
17
Let n(z) = -12*z - 1. Let r be n(-6). Let a = -46 + r. Suppose a = 4*k - 3. What is the remainder when k is divided by 4?
3
Calculate the remainder when 79 is divided by 56/(-3)*((-63)/2)/21.
23
Let i(c) = c**2 + 2*c - 23. Let h be i(-11). Suppose 3*b + 2*p - 2 - h = 0, 3*p - 26 = -b. Calculate the remainder when 51 is divided by b.
25
Let h(j) = j - 6. Let c be h(6). Suppose 4*g + f - 91 = c, 2*g - g - 25 = 2*f. Let i = 613 + -608. What is the remainder when g is divided by i?
3
What is the remainder when -2*(50/(-4) - -3) is divided by 12?
7
Suppose 0 = -20*m + 26*m - 438. Let h = -52 + m. Calculate the remainder when 123 is divided by h.
18
Suppose 2*s - 4*s = 2. What is the remainder when 8 is divided by -3*s*(0 - -1)?
2
Suppose 0 = 3*b - 2*b - 45. Let j = -57 + 81. Calculate the remainder when b is divided by j.
21
Let x = 363 - 281. Calculate the remainder when x is divided by 22.
16
Let m = -322 + 410. Calculate the remainder when m is divided by 39.
10
Suppose -49 = -4*x + 3*x - 4*o, 2*x + 4*o - 90 = 0. Let l(c) = 27*c - 229. Calculate the remainder when x is divided by l(9).
13
What is the remainder when 69 is divided by (676/65)/(4/10)?
17
What is the remainder when 253 is divided by (-5330)/(-104) - 1/4?
49
Suppose 9*p = 23 + 4. Suppose w = -5*a - 7, 0 = -5*w - p*a - a + 70. What is the remainder when 52 is divided by w?
16
Let v(a) = a**2 + 41*a + 242. What is the remainder when 94 is divided by v(-6)?
30
Suppose 0 = 213*u - 212*u - 198. Calculate the remainder when u is divided by 7.
2
Suppose 5*z + 2*n = 171 - 28, -5*z + 3*n + 148 = 0. Suppose 2 = 4*y - 4*l - 2, 9 = y + l. What is the remainder when z is divided by y?
4
Let r = 230 - 221. What is the remainder when 39 is divided by r?
3
Let q(j) = 19*j**3 + 2*j - 1. Let s be q(1). Suppose -5*v = 10 - s. Suppose -y - 24 = -2*y + v*g, y = -4*g. What is the remainder when 45 is divided by y?
13
Suppose -w + 15*w = 2212. Calculate the remainder when w is divided by 20.
18
Let y(a) = -2*a**2 - 18*a - 6. Suppose 0 = -3*n - h + 1, -3*n = -2*h + 4*h - 2. Calculate the remainder when (-4 - n)*37/(-4) is divided by y(-8).
7
Let m be (0 - -1)/(3/21). Let h(x) = -x**3 + 7*x**2 + 5*x - 14. What is the remainder when 37 is divided by h(m)?
16
Let l(b) = -4*b - 26. Let g be l(-12). Calculate the remainder when 57 is divided by 4/8 - g/(-4).
3
Suppose 3*y + 3 + 0 = 0, 4*t = 5*y + 17. Suppose -t*b - 2*b + 230 = 3*x, 2*x = -3*b + 138. What is the remainder when b is divided by 12?
10
Calculate the remainder when 6441/33 - (-2)/(-121)*11 is divided by 88.
19
Suppose -5*z - s = s - 697, 3*z = -3*s + 420. Calculate the remainder when z is divided by 42.
13
What is the remainder when (-45*14/168)/(6/(-352)) is divided by 28?
24
Let y be 5 + (-6 - 1) + 0 + -61. Let m = -39 - y. Calculate the remainder when 34 is divided by m.
10
Let f(t) = t**2 - 13*t - 65. Calculate the remainder when 219 is divided by f(20).
69
Let f(k) = k**2 - 21*k - 18. Let q be f(22). Calculate the remainder when 92 is divided by 62/q*-7*2/(-7).
30
Suppose -32 = -3*n - n - 3*c, -2*n - 4*c + 6 = 0. What is the remainder when 43 is divided by n?
10
Suppose -48*b + 4059 = -1077. Calculate the remainder when b is divided by 37.
33
Let n = -1605 + 2102. Calculate the remainder when n is divided by 3.
2
Let r = -185 - -217. Calculate the remainder when r is divided by 6.
2
Let l = -802 - -847. What is the remainder when 165 is divided by l?
30
Calculate the remainder when 0 + 2 + 1 - 1122/(-34) is divided by 19.
17
Suppose 4 = x + 3. Let d(t) = 3*t - 39. Let m be d(14). What is the remainder when m + 1 + x + 27 is divided by 12?
8
Let z(v) = 14*v**2 - 10*v - 29. Calculate the remainder when z(-4) is divided by 60.
55
Suppose 712 - 116 = 4*q. Let u = 209 - q. Let y = 97 - u. What is the remainder when 72 is divided by y?
35
Let d(u) = u**3 - 9*u**2 + 7*u + 12. Let x be d(8). Suppose -r - 2*t = -50, -3 = -x*t + 1. What is the remainder when r is divided by 13?
9
Let g(i) = -5*i**2 - 62*i - 8. Calculate the remainder when 28 is divided by g(-12).
12
Let z = 33 + -30. Suppose -120 = -2*s - z*s. Suppose 0 = -2*y + 26 - 0. What is the remainder when s is divided by y?
11
Suppose 4 = 15*t - 14*t. Suppose -x = -4*k + 6, 0 = 5*x + t*k - 9 - 33. Calculate the remainder when 7 is divided by x.
1
Let h be (-6)/((-2)/4 - 55/(-70)). Calculate the remainder when (12/h)/((-8)/1036) is divided by 20.
14
Let w = 39 + -20. Let p(k) = 54*k + 4. Let n be p(4). Let y = n + -146. Calculate the remainder when y is divided by w.
17
Suppose 3*y + 20 - 68 = 0. What is the remainder when 47 is divided by y?
15
Let i(k) = k**2 + 2*k + 16. Let r be i(-9). Suppose -4 + r = 3*x. Calculate the remainder when 49 is divided by x.
24
Let i be 15/(((-30)/25)/(-6)). Suppose 0 + i = 5*l. Calculate the remainder when 56 is divided by l.
11
Let r be 3 - 20/15*-15. Suppose -11*n = -r*n + 852. Calculate the remainder when n is divided by 20.
11
Suppose 214 = 7*x - 24. What is the remainder when 405 is divided by x?
31
Suppose -5*r - 5*n + 670 = 0, -48*r = -51*r - n + 394. Calculate the remainder when r is divided by 34.
28
Let v = -83 - -125. Suppose 0*c - c + 123 = 0. What is the remainder when c is divided by v?
39
Let j(l) = l**3 - 19*l**2 - 213*l - 15. What is the remainder when j(27) is divided by 23?
20
Suppose 195*w - 192*w = 525. What is the remainder when 327 is divided by w?
152
Let m(u) = -u**3 - 7*u**2 - 20*u + 12. What is the remainder when 180 is divided by m(-5)?
56
Let s = 241 - 213. What is the remainder when 50 is divided by s?
22
Calculate the remainder when 48/(-216) + 50/(-18) - -157 is divided by 40.
34
Suppose -22*l - 814 = -33*l. Calculate the remainder when l is divided by 29.
16
Suppose 0 = -0*c - 3*c + 93. Let r(k) = -2*k**2 - 9*k + 116. Calculate the remainder when r(-8) is divided by c.
29
Let g = 240 + -223. Calculate the remainder when 166 is divided by g.
13
Suppose 0*o + 3*o + 45 = 4*s, -40 = -3*s + o. Suppose -2*u + 2 = 10. Calculate the remainder when u - -7 - (-56 - -1) is divided by s.
13
Suppose 5*w = 5*o - 40, 0*o = 2*o + w - 10. Let j = -9 + o. Let h = j + 15. Calculate the remainder when 23 is divided by h.
11
Suppose 4*y = 8*y - 32. Let r(j) = 3 - 4 + y*j - 23*j. What is the remainder when 54 is divided by r(-1)?
12
Suppose -53 - 355 = -4*i. What is the rema